inder when 8774 is divided by 65.
64
Calculate the remainder when 79 is divided by 17.
11
What is the remainder when 8609 is divided by 30?
29
Calculate the remainder when 5670 is divided by 53.
52
What is the remainder when 106 is divided by 27?
25
Calculate the remainder when 387 is divided by 56.
51
Calculate the remainder when 128 is divided by 34.
26
Calculate the remainder when 173 is divided by 58.
57
Calculate the remainder when 46 is divided by 13.
7
What is the remainder when 310 is divided by 13?
11
Calculate the remainder when 843 is divided by 314.
215
Calculate the remainder when 701 is divided by 313.
75
Calculate the remainder when 146 is divided by 19.
13
What is the remainder when 16216 is divided by 331?
328
Calculate the remainder when 55 is divided by 2.
1
What is the remainder when 534 is divided by 20?
14
What is the remainder when 3897 is divided by 21?
12
What is the remainder when 457 is divided by 159?
139
What is the remainder when 133 is divided by 105?
28
Calculate the remainder when 351 is divided by 32.
31
Calculate the remainder when 136 is divided by 121.
15
Calculate the remainder when 398 is divided by 50.
48
Calculate the remainder when 1694 is divided by 53.
51
What is the remainder when 1482 is divided by 48?
42
What is the remainder when 235 is divided by 17?
14
Calculate the remainder when 30237 is divided by 26.
25
What is the remainder when 712 is divided by 339?
34
What is the remainder when 79 is divided by 17?
11
Calculate the remainder when 69 is divided by 4.
1
Calculate the remainder when 62 is divided by 23.
16
Calculate the remainder when 149 is divided by 15.
14
What is the remainder when 47 is divided by 18?
11
What is the remainder when 108 is divided by 57?
51
What is the remainder when 3285 is divided by 1637?
11
What is the remainder when 1336 is divided by 103?
100
What is the remainder when 941 is divided by 158?
151
What is the remainder when 1721 is divided by 42?
41
Calculate the remainder when 290 is divided by 172.
118
What is the remainder when 68 is divided by 16?
4
Calculate the remainder when 2367 is divided by 32.
31
Calculate the remainder when 61 is divided by 46.
15
Calculate the remainder when 152 is divided by 51.
50
Calculate the remainder when 1070 is divided by 349.
23
Calculate the remainder when 212 is divided by 36.
32
What is the remainder when 2051 is divided by 38?
37
Calculate the remainder when 474 is divided by 3.
0
Calculate the remainder when 697 is divided by 19.
13
What is the remainder when 202 is divided by 63?
13
What is the remainder when 15458 is divided by 19?
11
Calculate the remainder when 142 is divided by 12.
10
Calculate the remainder when 501 is divided by 5.
1
What is the remainder when 120 is divided by 24?
0
Calculate the remainder when 224 is divided by 29.
21
Calculate the remainder when 57 is divided by 29.
28
What is the remainder when 778 is divided by 206?
160
What is the remainder when 419 is divided by 28?
27
Calculate the remainder when 388 is divided by 30.
28
Calculate the remainder when 3790 is divided by 942.
22
What is the remainder when 123 is divided by 45?
33
What is the remainder when 1970 is divided by 68?
66
Calculate the remainder when 3786 is divided by 66.
24
Calculate the remainder when 21 is divided by 12.
9
Calculate the remainder when 606 is divided by 83.
25
Calculate the remainder when 1046 is divided by 150.
146
Calculate the remainder when 1955 is divided by 180.
155
Calculate the remainder when 3977 is divided by 23.
21
What is the remainder when 5814 is divided by 194?
188
Calculate the remainder when 837 is divided by 15.
12
What is the remainder when 1025 is divided by 510?
5
Calculate the remainder when 9475 is divided by 243.
241
Calculate the remainder when 124 is divided by 42.
40
Calculate the remainder when 263 is divided by 248.
15
What is the remainder when 89 is divided by 19?
13
Calculate the remainder when 1541 is divided by 12.
5
What is the remainder when 629 is divided by 79?
76
What is the remainder when 134 is divided by 114?
20
Calculate the remainder when 759 is divided by 40.
39
What is the remainder when 828 is divided by 49?
44
What is the remainder when 1039 is divided by 94?
5
What is the remainder when 71 is divided by 14?
1
What is the remainder when 345 is divided by 157?
31
What is the remainder when 36 is divided by 23?
13
Calculate the remainder when 129 is divided by 80.
49
Calculate the remainder when 4465 is divided by 6.
1
Calculate the remainder when 674 is divided by 45.
44
Calculate the remainder when 254 is divided by 32.
30
What is the remainder when 1587 is divided by 10?
7
What is the remainder when 5547 is divided by 13?
9
What is the remainder when 1847 is divided by 6?
5
What is the remainder when 172 is divided by 44?
40
What is the remainder when 28 is divided by 20?
8
What is the remainder when 403 is divided by 45?
43
What is the remainder when 1352 is divided by 112?
8
Calculate the remainder when 1468 is divided by 83.
57
What is the remainder when 369 is divided by 119?
12
What is the remainder when 83 is divided by 9?
2
What is the remainder when 551 is divided by 36?
11
Calculate the remainder when 30 is divided by 5.
0
What is the remainder when 563 is divided by 11?
2
Calculate the remainder when 507 is divided by 42.
3
What is the remainder when 1571 is divided by 138?
53
What is the remainder when 371 is divided by 17?
14
What is the remainder when 123 is divided by 42?
39
Calculate the remainder when 618 is divided by 23.
20
What is the remainder when 5962 is divided by 67?
66
Calculate the remainder when 3837 is divided by 80.
77
What is the remainder when 98 is divided by 34?
30
Calculate the remainder when 208 is divided by 11.
10
Calculate the remainder when 23 is divided by 13.
10
Calculate the remainder when 113 is divided by 14.
1
Calculate the remainder when 2293 is divided by 758.
19
What is the remainder when 2023 is divided by 34?
17
What is the remainder when 1874 is divided by 130?
54
Calculate the remainder when 20909 is divided by 205.
204
Calculate the remainder when 303 is divided by 102.
99
Calculate the remainder when 343 is divided by 52.
31
Calculate the remainder when 90 is divided by 35.
20
Calculate the remainder when 521 is divided by 7.
3
What is the remainder when 54 is divided by 22?
10
What is the remainder when 231 is divided by 134?
97
Calculate the remainder when 215 is divided by 20.
15
What is the remainder when 241 is divided by 232?
9
What is the remainder when 1386 is divided by 229?
12
Calculate the remainder when 232 is divided by 66.
34
What is the remainder when 86 is divided by 23?
17
What is the remainder when 2411 is divided by 127?
125
Calculate the remainder when 6512 is divided by 39.
38
What is the remainder when 1733 is divided by 7?
4
What is the remainder when 69 is divided by 37?
32
What is the remainder when 350 is divided by 27?
26
What is the remainder when 861 is divided by 54?
51
What is the remainder when 26 is divided by 14?
12
Calculate the remainder when 456 is divided by 20.
16
Calculate the remainder when 246 is divided by 122.
2
What is the remainder when 729 is divided by 43?
41
What is the remainder when 520 is divided by 25?
20
What is the remainder when 538 is divided by 49?
48
Calculate the remainder when 7453 is divided by 30.
13
Calculate the remainder when 51 is divided by 39.
12
Calculate the remainder when 2239 is divided by 56.
55
Calculate the remainder when 249 is divided by 17.
11
Calculate the remainder when 444 is divided by 19.
7
Calculate the remainder when 69 is divided by 17.
1
What is the remainder when 479 is divided by 96?
95
What is the remainder when 6 is divided by 2?
0
Calculate the remainder when 1657 is divided by 26.
19
Calculate the remainder when 182 is divided by 31.
27
Calculate the remainder when 858 is divided by 849.
9
Calculate the remainder when 4751 is divided by 280.
271
What is the remainder when 77 is divided by 10?
7
Calculate the remainder when 114 is divided by 65.
49
What is the remainder when 144 is divided by 32?
16
Calculate the remainder when 503 is divided by 23.
20
Calculate the remainder when 1705 is divided by 33.
22
What is the